{"id":12,"date":"2024-05-21T16:48:50","date_gmt":"2024-05-21T16:48:50","guid":{"rendered":"https:\/\/www.jazznbossa-animation.com\/?page_id=12"},"modified":"2024-06-13T17:43:00","modified_gmt":"2024-06-13T17:43:00","slug":"home","status":"publish","type":"page","link":"https:\/\/www.jazznbossa-animation.com\/","title":{"rendered":"Home"},"content":{"rendered":"\t\t<div data-elementor-type=\"wp-page\" data-elementor-id=\"12\" class=\"elementor elementor-12\">\n\t\t\t\t<div class=\"elementor-element elementor-element-6aa23ef e-con-full e-flex e-con e-parent\" data-id=\"6aa23ef\" data-element_type=\"container\" data-settings=\"{&quot;background_background&quot;:&quot;classic&quot;}\">\n\t\t<div class=\"elementor-element elementor-element-56e4e10 e-con-full e-flex e-con e-child\" data-id=\"56e4e10\" data-element_type=\"container\" data-settings=\"{&quot;background_background&quot;:&quot;classic&quot;}\">\n\t\t\t\t<\/div>\n\t\t<div class=\"elementor-element elementor-element-93dcc27 e-con-full e-flex e-con e-child\" data-id=\"93dcc27\" data-element_type=\"container\">\n\t\t\t\t<div class=\"elementor-element elementor-element-8f57c7a elementor-widget elementor-widget-heading\" data-id=\"8f57c7a\" data-element_type=\"widget\" data-widget_type=\"heading.default\">\n\t\t\t\t<div class=\"elementor-widget-container\">\n\t\t\t<style>\/*! elementor - v3.21.0 - 26-05-2024 *\/\n.elementor-heading-title{padding:0;margin:0;line-height:1}.elementor-widget-heading .elementor-heading-title[class*=elementor-size-]>a{color:inherit;font-size:inherit;line-height:inherit}.elementor-widget-heading .elementor-heading-title.elementor-size-small{font-size:15px}.elementor-widget-heading .elementor-heading-title.elementor-size-medium{font-size:19px}.elementor-widget-heading .elementor-heading-title.elementor-size-large{font-size:29px}.elementor-widget-heading .elementor-heading-title.elementor-size-xl{font-size:39px}.elementor-widget-heading .elementor-heading-title.elementor-size-xxl{font-size:59px}<\/style><h2 class=\"elementor-heading-title elementor-size-default\">Ajoutez une touche de classe \u00e0 votre \u00e9v\u00e8nement gr\u00e2ce \u00e0 un groupe de jazz live!\nNous sommes des musiciens de jazz professionnels, form\u00e9s au Conservatoire, et  prenons en charge tout type d\u2019\u00e9v\u00e8nement: mariage, soir\u00e9e priv\u00e9e,  r\u00e9ception, f\u00eate d'entreprise, anniversaire, etc ...\nNous nous d\u00e9pla\u00e7ons partout en France, ainsi que dans les zones limitrophes, en Suisse, en Belgique et au Luxembourg.\nAvec le groupe Jazz 'n Bossa, votre animation musicale est un succ\u00e8s assur\u00e9!<\/h2>\t\t<\/div>\n\t\t\t\t<\/div>\n\t\t\t\t<div class=\"elementor-element elementor-element-2155072 elementor-widget elementor-widget-image\" data-id=\"2155072\" data-element_type=\"widget\" data-widget_type=\"image.default\">\n\t\t\t\t<div class=\"elementor-widget-container\">\n\t\t\t<style>\/*! elementor - v3.21.0 - 26-05-2024 *\/\n.elementor-widget-image{text-align:center}.elementor-widget-image a{display:inline-block}.elementor-widget-image a img[src$=\".svg\"]{width:48px}.elementor-widget-image img{vertical-align:middle;display:inline-block}<\/style>\t\t\t\t\t\t\t\t\t\t<img decoding=\"async\" width=\"1024\" height=\"44\" src=\"https:\/\/www.jazznbossa-animation.com\/wp-content\/uploads\/2024\/06\/partoche_header-1024x44.png\" class=\"attachment-large size-large wp-image-121\" alt=\"\" srcset=\"https:\/\/www.jazznbossa-animation.com\/wp-content\/uploads\/2024\/06\/partoche_header-1024x44.png 1024w, https:\/\/www.jazznbossa-animation.com\/wp-content\/uploads\/2024\/06\/partoche_header-300x13.png 300w, https:\/\/www.jazznbossa-animation.com\/wp-content\/uploads\/2024\/06\/partoche_header-768x33.png 768w, https:\/\/www.jazznbossa-animation.com\/wp-content\/uploads\/2024\/06\/partoche_header.png 1099w\" sizes=\"(max-width: 1024px) 100vw, 1024px\" \/>\t\t\t\t\t\t\t\t\t\t\t\t\t<\/div>\n\t\t\t\t<\/div>\n\t\t\t\t<div class=\"elementor-element elementor-element-80cb5ef elementor-widget elementor-widget-video\" data-id=\"80cb5ef\" data-element_type=\"widget\" data-settings=\"{&quot;youtube_url&quot;:&quot;https:\\\/\\\/youtu.be\\\/k3EQtH8ljuA&quot;,&quot;video_type&quot;:&quot;youtube&quot;,&quot;controls&quot;:&quot;yes&quot;}\" data-widget_type=\"video.default\">\n\t\t\t\t<div class=\"elementor-widget-container\">\n\t\t\t<style>\/*! elementor - v3.21.0 - 26-05-2024 *\/\n.elementor-widget-video .elementor-widget-container{overflow:hidden;transform:translateZ(0)}.elementor-widget-video .elementor-wrapper{aspect-ratio:var(--video-aspect-ratio)}.elementor-widget-video .elementor-wrapper iframe,.elementor-widget-video .elementor-wrapper video{height:100%;width:100%;display:flex;border:none;background-color:#000}@supports not (aspect-ratio:1\/1){.elementor-widget-video .elementor-wrapper{position:relative;overflow:hidden;height:0;padding-bottom:calc(100% \/ var(--video-aspect-ratio))}.elementor-widget-video .elementor-wrapper iframe,.elementor-widget-video .elementor-wrapper video{position:absolute;top:0;right:0;bottom:0;left:0}}.elementor-widget-video .elementor-open-inline .elementor-custom-embed-image-overlay{position:absolute;top:0;right:0;bottom:0;left:0;background-size:cover;background-position:50%}.elementor-widget-video .elementor-custom-embed-image-overlay{cursor:pointer;text-align:center}.elementor-widget-video .elementor-custom-embed-image-overlay:hover .elementor-custom-embed-play i{opacity:1}.elementor-widget-video .elementor-custom-embed-image-overlay img{display:block;width:100%;aspect-ratio:var(--video-aspect-ratio);-o-object-fit:cover;object-fit:cover;-o-object-position:center center;object-position:center center}@supports not (aspect-ratio:1\/1){.elementor-widget-video .elementor-custom-embed-image-overlay{position:relative;overflow:hidden;height:0;padding-bottom:calc(100% \/ var(--video-aspect-ratio))}.elementor-widget-video .elementor-custom-embed-image-overlay img{position:absolute;top:0;right:0;bottom:0;left:0}}.elementor-widget-video .e-hosted-video .elementor-video{-o-object-fit:cover;object-fit:cover}.e-con-inner>.elementor-widget-video,.e-con>.elementor-widget-video{width:var(--container-widget-width);--flex-grow:var(--container-widget-flex-grow)}<\/style>\t\t<div class=\"elementor-wrapper elementor-open-inline\">\n\t\t\t<div class=\"elementor-video\"><\/div>\t\t<\/div>\n\t\t\t\t<\/div>\n\t\t\t\t<\/div>\n\t\t\t\t<div class=\"elementor-element elementor-element-70d917b elementor-widget elementor-widget-image\" data-id=\"70d917b\" data-element_type=\"widget\" data-widget_type=\"image.default\">\n\t\t\t\t<div class=\"elementor-widget-container\">\n\t\t\t\t\t\t\t\t\t\t\t\t\t<img decoding=\"async\" width=\"1024\" height=\"44\" src=\"https:\/\/www.jazznbossa-animation.com\/wp-content\/uploads\/2024\/06\/partoche_header-1024x44.png\" class=\"attachment-large size-large wp-image-121\" alt=\"\" srcset=\"https:\/\/www.jazznbossa-animation.com\/wp-content\/uploads\/2024\/06\/partoche_header-1024x44.png 1024w, https:\/\/www.jazznbossa-animation.com\/wp-content\/uploads\/2024\/06\/partoche_header-300x13.png 300w, https:\/\/www.jazznbossa-animation.com\/wp-content\/uploads\/2024\/06\/partoche_header-768x33.png 768w, https:\/\/www.jazznbossa-animation.com\/wp-content\/uploads\/2024\/06\/partoche_header.png 1099w\" sizes=\"(max-width: 1024px) 100vw, 1024px\" \/>\t\t\t\t\t\t\t\t\t\t\t\t\t<\/div>\n\t\t\t\t<\/div>\n\t\t\t\t<\/div>\n\t\t\t\t<\/div>\n\t\t\t\t<\/div>\n\t\t","protected":false},"excerpt":{"rendered":"<p>Ajoutez une touche de classe \u00e0 votre \u00e9v\u00e8nement gr\u00e2ce \u00e0 un groupe de jazz live! Nous sommes des musiciens de jazz professionnels, form\u00e9s au Conservatoire, et prenons en charge tout type d\u2019\u00e9v\u00e8nement: mariage, soir\u00e9e priv\u00e9e, r\u00e9ception, f\u00eate d&rsquo;entreprise, anniversaire, etc &#8230; Nous nous d\u00e9pla\u00e7ons partout en France, ainsi que dans les zones limitrophes, en Suisse,&#8230;<\/p>\n","protected":false},"author":1,"featured_media":0,"parent":0,"menu_order":0,"comment_status":"closed","ping_status":"closed","template":"elementor_header_footer","meta":{"_kad_post_transparent":"","_kad_post_title":"","_kad_post_layout":"","_kad_post_sidebar_id":"","_kad_post_content_style":"","_kad_post_vertical_padding":"","_kad_post_feature":"","_kad_post_feature_position":"","_kad_post_header":false,"_kad_post_footer":false,"footnotes":""},"class_list":["post-12","page","type-page","status-publish","hentry"],"_links":{"self":[{"href":"https:\/\/www.jazznbossa-animation.com\/index.php?rest_route=\/wp\/v2\/pages\/12","targetHints":{"allow":["GET"]}}],"collection":[{"href":"https:\/\/www.jazznbossa-animation.com\/index.php?rest_route=\/wp\/v2\/pages"}],"about":[{"href":"https:\/\/www.jazznbossa-animation.com\/index.php?rest_route=\/wp\/v2\/types\/page"}],"author":[{"embeddable":true,"href":"https:\/\/www.jazznbossa-animation.com\/index.php?rest_route=\/wp\/v2\/users\/1"}],"replies":[{"embeddable":true,"href":"https:\/\/www.jazznbossa-animation.com\/index.php?rest_route=%2Fwp%2Fv2%2Fcomments&post=12"}],"version-history":[{"count":88,"href":"https:\/\/www.jazznbossa-animation.com\/index.php?rest_route=\/wp\/v2\/pages\/12\/revisions"}],"predecessor-version":[{"id":247,"href":"https:\/\/www.jazznbossa-animation.com\/index.php?rest_route=\/wp\/v2\/pages\/12\/revisions\/247"}],"wp:attachment":[{"href":"https:\/\/www.jazznbossa-animation.com\/index.php?rest_route=%2Fwp%2Fv2%2Fmedia&parent=12"}],"curies":[{"name":"wp","href":"https:\/\/api.w.org\/{rel}","templated":true}]}}